reds digit of i?
5
Let n(h) = h + 1. Let j be n(-1). Suppose -164 = 2*q + 2*r, -2*r + 2 + 290 = -4*q. What is the units digit of (3 - 4 - q) + j + 1?
6
What is the units digit of (-4 + 57/19)*(-4826 - 2)?
8
What is the hundreds digit of 3/(93467/(-46735) + 42/6 + -5)?
7
Let y = -689 + 1266. Suppose 5*g = y + 1128. What is the tens digit of g?
4
Let y be ((-10)/(-4))/((-2)/4). Let a(k) be the third derivative of -7*k**4/8 - 2*k**3/3 - 455*k**2. What is the hundreds digit of a(y)?
1
Let z(a) = -8*a**3 + 9*a**2 + 67*a - 122. What is the hundreds digit of z(-8)?
0
What is the hundreds digit of ((-13)/169 + 14514/78)/((-2)/(-502))?
6
What is the thousands digit of 11405 + ((-60)/(-16) - (-6 - 46/(-8)))?
1
Let q(w) be the first derivative of 3*w**3 - 11*w**2/2 - 23*w + 100. What is the hundreds digit of q(-5)?
2
Suppose 16*w - 7021 = 9475. What is the hundreds digit of w?
0
Suppose -3*p - i - 12 = -36, -2*p - 5*i + 3 = 0. Let w(b) = 3*b**2 + 28*b - 117. What is the units digit of w(p)?
8
Let q be (11 + 258)/(1 - -1)*6. Let f = q + -142. What is the hundreds digit of f?
6
What is the thousands digit of 5/((-997338)/(-76716) + -13)?
2
Let k be (-10)/35 - (-66264)/56. Let v = -31 + k. What is the tens digit of v?
5
Let i = 106475 + -67172. What is the units digit of i?
3
Let a = 8211 + -8099. What is the units digit of a?
2
Let v be 3/9*(-6 - 6*-4). What is the units digit of ((-18)/4)/(v/(-196))?
7
Let j = 21 + -19. Let o be 6/(j + 33/(-12)). What is the tens digit of 69 + (-3)/(6/o)?
7
Suppose -5*o + b + 318097 = 0, 40*o + 2*b - 254458 = 36*o. What is the hundreds digit of o?
6
Let v = -18 - -20. Let x(z) = -4*z**2 - z + 10. Let f(g) = -9*g**2 - 3*g + 21. Let k(o) = v*f(o) - 5*x(o). What is the tens digit of k(4)?
2
Let n(r) = r**2 - 9*r - 30. Let x(b) = 3*b - 3. Let p be x(-5). Let m = p - -31. What is the tens digit of n(m)?
2
Suppose 3*w + y - 25 + 0 = 0, w - 12 = -4*y. Let j be ((-2079)/(-44))/(2/w). Suppose 4*h - j = -3*f, 7*h = 3*h - 4*f + 188. What is the units digit of h?
8
Suppose -4*j + 19946 = -22*x + 24*x, 2*x - 4*j - 19930 = 0. What is the units digit of x?
9
Suppose -74*g + 19212 + 23465 = 1459. What is the tens digit of g?
5
What is the thousands digit of (105/(-14))/((-87)/54114)?
4
Let v(t) be the second derivative of t**4/4 + 4*t**3/3 - 7*t**2/2 - 1449*t - 2. Let r(a) = a**3 + a + 8. Let o be r(0). What is the hundreds digit of v(o)?
2
Let h(s) = s**3 + 15*s**2 - 36*s - 28. Let t be h(-17). Let l = 1 - t. Let g(n) = 7*n**2 - 4*n + 16. What is the tens digit of g(l)?
1
Suppose 740*g - 290961 = 729*g. What is the units digit of g?
1
Let k be 2/(0 - -2) - (-1 - 0). Suppose 3*h - 131 = -k. Let d = -41 + h. What is the units digit of d?
2
Suppose 11014 = -7*v + 9*v - 8*r, -5*r = -4*v + 22039. What is the tens digit of v?
1
What is the units digit of (-116)/638 - (-114866)/22?
1
Suppose -97*n = -104*n + 105. Suppose -q = -n*q + 2940. What is the hundreds digit of q?
2
Suppose 8949 = 3*m - v - 4049, -5*m = -3*v - 21658. What is the thousands digit of m?
4
Let v = -737 + 725. What is the tens digit of 9150/40 + (-3)/v?
2
Suppose 0 = -10*u - 73 + 123. Suppose 0 = 3*b + u*f - 117, -b - f = -4*b + 135. What is the units digit of b?
4
What is the hundreds digit of (18420/35)/(-12*(-9)/5670)?
6
Let h = -2811 - -8337. What is the units digit of h?
6
Suppose -10 = -3*w - 4*m + 28, -4*w - 5*m + 50 = 0. Suppose 7*k + 6 = w*k. Suppose 0 = -v - k*v + 138. What is the tens digit of v?
4
Let y(j) = -142*j + 7456. What is the tens digit of y(6)?
0
Let r(d) = 11*d**2 + 2*d + 5. Suppose 0 = 9*p - 3*p + 18. Let j be r(p). Let b = j + -1. What is the tens digit of b?
9
Let a = 24533 + 21273. What is the units digit of a?
6
Suppose 2*y - 22*g - 112423 = -17*g, 5*g = -2*y + 112473. What is the tens digit of y?
2
Suppose 2*v - 4 = -3*i + 5, -4*v + 23 = 5*i. Suppose 3*y = 5*p + 3293, 0 = v*y - 16*y - 5*p + 4379. What is the units digit of y?
6
Suppose -3*f + 8376 = -2*b - b, f + 3*b = 2772. What is the thousands digit of f?
2
Suppose -3*b + 29 = w, 2*b + 0*b = 3*w + 34. Suppose 0 = -5*r - b*r + 13872. What is the tens digit of r?
6
Suppose -22*r + 17*r = 320. Let b = 67 + r. Suppose 0*a - 5*k - 482 = -4*a, -5*k + 344 = b*a. What is the units digit of a?
8
Let c = -3732 - -7072. What is the thousands digit of c?
3
Let q(t) = -t**2 - 100*t - 368. What is the units digit of q(-77)?
3
Suppose 24*s = -2*s - 10764. Let f = -54 - s. What is the hundreds digit of f?
3
Let f = 11359 + -3427. What is the units digit of f?
2
Suppose -11*h + 1714 + 10012 = 0. Let o = -341 + h. What is the tens digit of o?
2
Suppose -7*x - 658 = -1694. Let y = 10 + x. What is the units digit of y?
8
Suppose -24978 = 29*n + 69939. Let s = -2205 - n. What is the hundreds digit of s?
0
Suppose 515*g - 130*g = 61600. What is the tens digit of g?
6
Let n = 79 + -61. What is the units digit of n/(-63) - (-4920)/21?
4
Suppose 0 = -a - z + 6*z + 49683, 0 = 2*a + 13*z - 99458. What is the ten thousands digit of a?
4
Suppose -18*i + 16 = -16*i. Let b be 4/(i - 4) - -99. Suppose -z = 2*g - b - 59, -5*g = -3*z - 414. What is the units digit of g?
1
Let s(t) = -3*t + 6. Let f be s(2). Suppose 5*r + 176 - 41 = f. Let l = r + 136. What is the units digit of l?
9
Let y be -1*(2/6 + 80/(-6)). Suppose 4*i = b - y, -3 = -b + 4*b + 2*i. Let c(m) = 108*m. What is the tens digit of c(b)?
0
Suppose 65*q = 21*q + 688820. What is the hundreds digit of q?
6
What is the hundreds digit of 1580/(-120) - -13 - 93577/(-6)?
5
Let s = 79 + -79. What is the hundreds digit of s + 1 - (-32 + -479)?
5
Let l(i) = i**3 - 26*i**2 - 36*i + 51. Let x(h) = h**2 + h - 1. Let f(g) = -l(g) - 3*x(g). What is the tens digit of f(24)?
6
Let n(o) = o**3 + 11*o**2 - 13*o + 15. Let r be n(-11). Suppose -2*z - 150 = -r. What is the units digit of z?
4
Let v be 4839/15 - -1 - (-96)/(-160). Let x = 653 - v. What is the units digit of x?
0
Suppose 0 = 5*r + 5*o - 152585, 4*r = -25*o + 29*o + 122036. What is the units digit of r?
3
Suppose 27417 = 52*w - 39*w. What is the tens digit of w?
0
Let q = -1 + 5. Let z be (-1 - (-2)/q) + (-865)/10. Let m = z + 107. What is the units digit of m?
0
Let w be 57/9 - (-50)/30. Suppose -w*j + 4056 = 18*j. What is the tens digit of j?
5
Let o(y) = -2*y**3 + 34*y**2 - 25*y - 7. Let a(f) = 3*f**3 - 68*f**2 + 48*f + 15. Let r(p) = -4*a(p) - 7*o(p). What is the units digit of r(-17)?
8
What is the units digit of 3 - -5 - -6 - 15 - -1069*5?
4
Let n(h) = 2*h. Let g be n(4). Suppose g*c - 4759 = -263. What is the hundreds digit of c?
5
Let q(o) be the third derivative of 11*o**4/24 - 11*o**3/2 - o**2. Let i = 5675 + -5665. What is the units digit of q(i)?
7
Let p(y) = -21463*y - 772. What is the thousands digit of p(-2)?
2
Suppose 0 = 3*s - 4 + 1, 4*s + 2864 = 2*i. Let u = -819 + i. What is the units digit of u?
5
Let x be ((-1)/1 + -43)*(-3)/4. Let p be (x/(-9) - -4)*219. Suppose -s + p = 27. What is the tens digit of s?
4
Let a = 232 - 236. What is the units digit of a/6 - (-29440)/69 - 2?
4
Let s(q) = 10*q**2 - 2*q + 2. Let i(o) = 5*o + 61. Let n be i(-12). Let d be s(n). Suppose -7*k - 267 = -d*k. What is the units digit of k?
9
Let m(n) = n**2 - 2*n. Let a be (16/24 - (-4)/(-6))/(-2). Let b be m(a). Suppose -3*l + 6*l - 12 = b. What is the units digit of l?
4
Let r be (-6)/(-4) + (-115)/(-46). Let i(t) = 23*t**2 - 3*t - 5. What is the units digit of i(r)?
1
Let s = 444 - 456. What is the units digit of (-59)/(3/s*2)?
8
Suppose 5*l - 766 = n, 198 = 3*l - 4*n - 265. Suppose -549 + l = -4*v. What is the tens digit of v?
9
Let w(l) = 661*l + 1609. What is the hundreds digit of w(14)?
8
Let w(b) = 5*b**2 + 2*b + 2. Let f be (-6)/8 + 2/(-8). Let y be w(f). Suppose 24 - 189 = -y*k. What is the units digit of k?
3
Let i = 174 + -171. Suppose 4*n + 248 = 4*q + i*n, -2*q + 4*n + 124 = 0. What is the units digit of q?
2
Suppose -2*r + 4 = 4*h, -4*r - 3 = -3*r - 3*h. Suppose r = -p + 6*p - y + 92, 0 = 3*p + 3*y + 66. Let m = p - -44. What is the tens digit of m?
2
Let c be 0/(-2*(3 + -2)). Let a(v) = -v**3 - 11*v**2 - 32*v - 6. Let m be a(-5). Suppose -m*z - 2*o - 57 = -5*z, -z + 3*o + 53 = c. What is the tens digit of z?
6
Suppose -33824 = -4*i - 2*z, -i + 31*z = 33*z - 8459. What is the tens digit of i?
5
Let m = 1465